+ o - 505, f = -3*o + 515. What is the tens digit of f?
0
Let c = 424 + -421. Let o(l) = -2*l - 6. Let f be o(-5). What is the units digit of ((-2)/c)/(f/(-348))?
8
Let v(w) = 25*w**2 - 226*w + 1819. What is the thousands digit of v(8)?
1
Let m(y) = -y**3 + 18*y**2 + 4. Let p be m(18). Suppose p*o = 9 + 7. What is the tens digit of (-799)/(-7) + (o - 87/21)?
1
Let a be -5 - (-24)/(6 - 3). Suppose -a*z + 0*p = -2*p - 1164, z + 2*p - 380 = 0. What is the units digit of z?
6
Let j = 36726 + -7983. What is the tens digit of j?
4
Let b = -1563 + 4720. What is the thousands digit of b?
3
Let r = -7029 - -11302. What is the units digit of r?
3
Suppose 5*b = -w + 7001 - 480, -2*b - 26018 = -4*w. What is the thousands digit of w?
6
Let z(r) = 2050*r + 1913. What is the units digit of z(6)?
3
Let j(g) = -5*g - 2. Let n = -74 - -54. What is the tens digit of j(n)?
9
Suppose -6*q + 2*q = -2*y + 28, -2*y - q + 3 = 0. Let v(g) be the first derivative of 7*g**3/3 - 3*g**2/2 + 14*g - 93. What is the units digit of v(y)?
4
What is the hundreds digit of -5 + 122570/6 + 158/237?
4
Let p(k) = 65*k**3 - 32*k**2 + 178*k - 11. What is the tens digit of p(6)?
4
Let l(j) = 738*j**2 - 65*j - 122. What is the thousands digit of l(-2)?
2
Let h(o) = o**3 + 154*o**2 - 287*o - 94. What is the thousands digit of h(-153)?
7
Let f(s) = s**3 + s**2 - 17*s - 11. Let u be f(-4). Suppose -u = 4*h - 7*h, -4*g = -2*h - 978. What is the hundreds digit of g?
2
Let c(w) = -321*w + 13. Let a(h) = -642*h + 28. Let d(s) = -6*a(s) + 13*c(s). Let t be d(-2). Suppose 0 = -13*o + 1684 + t. What is the hundreds digit of o?
1
Suppose 22*j - 90 = 17*j. Suppose -3*l = 2*n - j, -15 = n - 6*n. Let v = l + -1. What is the units digit of v?
3
What is the units digit of -15 + 18 - (-24)/(-12)?
1
Let i(w) = 27*w**2 - 7. Suppose 0 = 9*u - 25 - 11. Let f(y) = -28*y**2 - y + 7. Let r(j) = u*f(j) + 5*i(j). What is the units digit of r(-2)?
3
Suppose 3*u - 1405 = -82. Suppose 5*h = 3*l - l + 552, -l = -4*h + u. What is the units digit of h?
0
Suppose 1063 = -4*l + k - 2*k, -2*k = 3*l + 801. Let q = l + 531. What is the hundreds digit of q?
2
Let c(i) be the second derivative of 7*i**4/3 - 8*i**3/3 + 2*i**2 - 118*i - 2. What is the tens digit of c(5)?
2
Suppose -5*q + 4*r + 578 = 0, 2*q + 24*r - 25*r - 230 = 0. Let a = 686 - 488. Let l = a - q. What is the tens digit of l?
8
Let a(f) = f**3 - 4*f**2 - 6*f + 7. Let j be a(5). What is the tens digit of (7/j)/(-7)*-454?
2
Let g = 3017 + -5359. Let v = g + 3570. What is the tens digit of v?
2
Let j(m) = 22*m + 237. Let n = -721 + 762. What is the thousands digit of j(n)?
1
Let f(o) = 52*o + 39. Suppose 12*q = -8*q + 100. What is the units digit of f(q)?
9
Let z = 2211 - -558. What is the units digit of z?
9
Suppose -2*q - 976 = -k + q, 5*k + 3*q - 4916 = 0. Let p(f) = 7*f - 13. Let o be p(3). What is the units digit of (6/(-8))/1 + k/o?
2
What is the thousands digit of 20/(-3)*(-86572)/460*3?
3
Suppose -4*l + 5*t = 4*t - 34, -l = t - 6. Suppose l*o + 315 = 3*o - 5*y, 5*y - 161 = 2*o. Let d = o - -126. What is the units digit of d?
8
Suppose -5*t + 1447 = 60*j - 58*j, -2*j = -t - 1441. What is the tens digit of j?
2
Let u(d) = -7*d**2 - 22*d - 90. Let t(a) = 16*a**2 + 45*a + 180. Let x(p) = -4*t(p) - 9*u(p). What is the hundreds digit of x(17)?
1
Suppose -5*p - 13 = -23. Suppose -5*o + 42 = p*o. What is the units digit of o?
6
Let l be ((-1)/((-1)/6))/(4/(-428)). Let t = -372 - l. What is the tens digit of t?
7
Let k be 20/3 - (-2)/(-3). Suppose k*v + 552 = 1740. What is the units digit of v?
8
Suppose 2*u + 249966 = 9*b - 4*b, -5*b - 2*u = -249974. What is the tens digit of b?
9
Let k = 30889 - 18017. What is the hundreds digit of k?
8
Let t(b) = 50*b**2 + 2*b - 1. Let k be t(2). Let s(q) = 196*q + 245. Let x be s(-1). Suppose 4*u - k = x. What is the units digit of u?
3
Let p(g) = 3*g**3 - 13*g**2 - 25*g - 23. Let l(z) = 7*z**3 - 27*z**2 - 50*z - 45. Let u(j) = 2*l(j) - 5*p(j). What is the tens digit of u(12)?
8
Let b(c) = -5*c**2 - 42*c - 14. Let g be b(-14). Let i = g - -628. What is the hundreds digit of i?
2
Let q be (-28 + 21)/((-1)/3). Let m(p) = p**2 + 9*p - 49. What is the units digit of m(q)?
1
Let c = 0 - -6. Suppose -32*k + 29*k + c = 0. What is the units digit of (40 - (-3 + 1)) + k?
4
What is the units digit of 3 + (-2 - 4 - -3) + 24 + 9288?
2
Let h = 9 - 36. Suppose 8*m - 4*m = -5*l - 683, -2*m + 3*l = 325. Let b = h - m. What is the tens digit of b?
4
Let d(a) = a**3 - 8*a**2 + 13*a - 3. Let b be d(6). Suppose -5*c - 2*y = -590 - 360, -380 = -2*c - b*y. Suppose 2*z + 2 = c. What is the tens digit of z?
9
Suppose 47 = 16*u - 97. Suppose -u*a - 2832 = -15*a. What is the tens digit of a?
7
Suppose 3*t = 8*t - 105. Suppose 17*y + 372 = t*y. Suppose 0 = -3*k + 2*k + y. What is the units digit of k?
3
Suppose 0 = -5*a - 2*o + 16, a - 3*o + 5 = -a. Suppose -a = 6*k - 8*k. Suppose c + k = 0, -s + 5*c + 119 + 17 = 0. What is the hundreds digit of s?
1
Suppose -2111 - 1099 = -51*z + 36*z. What is the hundreds digit of z?
2
Suppose -p + a = -1548, 4*a + 765 = p - 768. What is the hundreds digit of p?
5
Suppose 23 = 2*h - 21. Let j = -10135 + 10272. Suppose j + h = r. What is the units digit of r?
9
Let b(i) = 28*i + 5*i**2 - 122 - 29 - 3*i**2 - 7. What is the units digit of b(-25)?
2
Let d = -8 + 12. Suppose -210 = -3*w + k, d*w - 350 = -w + k. Suppose -61 - w = -v. What is the hundreds digit of v?
1
Let m(a) = a**2 + 41*a + 97. Let g be m(-23). Let n = 811 + g. What is the tens digit of n?
9
Suppose -6*d - 36 = 3*d. What is the units digit of (-12947)/(-44) + (-1)/4 + d?
0
Let x = -1448 + 2960. What is the units digit of x?
2
What is the hundreds digit of 50993 - (23 - (0 + 17))*2/(-4)?
9
What is the tens digit of (5 + -3)/((-28)/(-39130)*1)?
9
Suppose 9*l - 12 = 6. Suppose 0 = -2*p + 3*m + l, 3*m - m = -3*p + 16. Suppose 0 = 4*y + p*z - 252, -2*z - 7 = -1. What is the units digit of y?
6
Suppose 274 = -16*l + 18*l. Let n = l + 12. What is the units digit of n?
9
Let u(a) = 17*a - 2. Let j be u(-7). Let g = 265 + j. What is the units digit of g?
4
Let d(c) = -c**2 + 17*c - 14. Let y be d(16). Suppose -6*o + y*o = 0. What is the units digit of (o - 2)*(-1)/((-2)/(-29))?
9
Let j = -266 + 264. What is the units digit of (-8790)/(-18) - (-3)/(j - 7)?
8
Suppose r - 2*o = -13, -2*r + 5 = o + 6. Let n be 1 + r/((-6)/38). Let m = 0 + n. What is the tens digit of m?
2
Let u(a) = 22*a - 139. Let c be u(36). Suppose 2*t + 3*m - c = 0, 0 = 3*m - m - 2. What is the hundreds digit of t?
3
Let a be 2/5 + -7 + 53/5. Suppose 4*k + a*t - 1416 = 0, 11*k = 10*k - 3*t + 362. What is the hundreds digit of k?
3
Let t = -541 + 545. Let v(x) = x**2 + 6*x - 13. Let k be v(-5). What is the units digit of 162*(k*(-4)/16 - t)?
1
Suppose 70*k + 359965 = 14*k + 2126821. What is the ten thousands digit of k?
3
Let u(i) = 6*i**2 - 9*i - 30. Let k be u(-2). Suppose -3*n = -k*n + 2394. What is the tens digit of n?
6
Suppose -60713 + 7851 = -4*t + 2*x, 0 = -2*t - 2*x + 26416. What is the tens digit of t?
1
Suppose -o - 26688 = 6*j - 9*j, 4*j + 2*o = 35564. What is the units digit of j?
4
Let b(u) = -u**2 + 11*u + 16. Let y(o) = -o**2 - 23*o - 15. Let z = -36 - -14. Let t be y(z). What is the units digit of b(t)?
4
Suppose 0 = 5*u + b - 11, 15 = 5*u - 0*b + 5*b. Suppose -51 = -4*m - 2*z + 11, -u*m + z + 21 = 0. Suppose 824 = -5*h + m*h. What is the tens digit of h?
0
Let h = -897 + 531. What is the hundreds digit of h/(1 - 2) + (17 - 18)?
3
Suppose -1 = -s + 4. Let z be (-5)/((-2 + 3)*(s - 6)). Suppose m + 57 = z*h, 2*h + 27 = 3*h + 5*m. What is the tens digit of h?
1
Let m be ((-5)/(25/120))/(-2). Suppose -4*v + 7*v = m. What is the units digit of (v + -2 + 0)*34?
8
Suppose -5*k + 407682 = 68*k - 7*k. What is the units digit of k?
7
Suppose 2*n = -3*d - 1191, -n + 1998 = -d - 4*d. What is the units digit of (d/28)/(15/(-1420))?
9
Let d = -70058 + 113978. What is the ten thousands digit of d?
4
Let v(o) be the third derivative of 17*o**4/8 + 38*o**3/3 - 4*o**2. What is the hundreds digit of v(4)?
2
Let l(z) be the third derivative of -z**5/20 - 4*z**4/3 - 11*z**3/6 - 17*z**2 + 2*z. What is the units digit of l(-8)?
3
Suppose 5*z - 8290 - 7388 = -2*h, -31356 = -4*h - z. What is the units 